
What is -331874 (base 12) in base 13?
-2255a4
4c0b22 (base 15) to base 10
3647507
-115332242 (base 6) to base 3
-11011211001122
What is 10135103 (base 6) in base 16?
4776f
1021010012211 (base 3) to base 14
136a50
-2344111 (base 6) to base 9
-206317
-a1a413 (base 13) to base 8
-16267671
Convert 2163441 (base 8) to base 6.
20301105
What is -1c2a0c8 (base 13) in base 14?
-1359925
Convert -38572a1 (base 12) to base 15.
-e886cd
187195 (base 16) to base 10
1601941
Convert 675a9b (base 13) to base 8.
11236450
Convert 1000111101011001110010 (base 2) to base 8.
10753162
76386 (base 11) to base 14
2c5d8
Convert -1013112310333 (base 4) to base 16.
-11d6d3f
Convert -7392221 (base 10) to base 3.
-111220120012222
What is 5442251 (base 6) in base 7?
2203321
Convert -1064462 (base 7) to base 4.
-200220203
What is -6505455 (base 8) in base 7?
-20533422
2742520 (base 8) to base 5
144141113
-1014142034 (base 5) to base 6
-113000324
Convert 1170300 (base 9) to base 11.
3a5372
What is 11ad15 (base 15) in base 7?
10124333
What is 1013312 (base 5) in base 3?
211220210
Convert 1001101010110111101 (base 2) to base 14.
8368d
What is 1636255 (base 7) in base 8?
675062
Convert -1100111010110001000111 (base 2) to base 12.
-11738b3
Convert -1000101110000011101001 (base 2) to base 11.
-13213a1
250027 (base 11) to base 5
100122321
Convert -21201101120011 (base 3) to base 15.
-56050d
Convert 265c3 (base 16) to base 6.
3211231
Convert -42004516 (base 7) to base 11.
-1aa1a71
What is 4498089 (base 10) in base 11?
25a2532
Convert 111000000100000 (base 2) to base 7.
146454
300103 (base 7) to base 3
2120020101
465d0 (base 14) to base 8
516432
Convert -510bb (base 12) to base 14.
-2a675
What is -526824 (base 10) in base 8?
-2004750
What is 14101517 (base 8) in base 11?
1881762
What is -751345 (base 8) in base 14?
-6747b
Convert 136831 (base 10) to base 9.
227624
What is -14149 (base 14) in base 6?
-1021513
-604384 (base 9) to base 5
-42420104
25377537 (base 8) to base 7
65622204
-1b8e0 (base 16) to base 4
-123203200
94a893 (base 14) to base 12
1822b55
What is -d9541 (base 14) in base 4?
-2000031111
What is 1614356 (base 10) in base 2?
110001010001000010100
-13316150 (base 7) to base 6
-42221102
-3121901 (base 10) to base 9
-5777388
What is 1238aa (base 11) in base 3?
100221001120
What is -2654062 (base 8) in base 2?
-10110101100000110010
3002110 (base 4) to base 16
3094
What is 3a891 (base 12) in base 7?
454264
2b9438 (base 14) to base 15
201739
Convert 431396 (base 10) to base 5.
102301041
Convert 45011025 (base 6) to base 4.
11022230321
Convert -484a6 (base 15) to base 2.
-111000010010011100
-65900a (base 15) to base 3
-100002212220101
-455869 (base 11) to base 13
-1c5076
What is 223333412 (base 5) in base 14?
1bd027
Convert 20311222 (base 5) to base 4.
220220211
Convert -462414 (base 10) to base 2.
-1110000111001001110
Convert 1112752 (base 8) to base 5.
34104042
23b43 (base 16) to base 3
21102121102
Convert -103c64 (base 14) to base 16.
-85e90
-81367 (base 15) to base 13
-1142cb
Convert -244a9b (base 12) to base 9.
-1087052
Convert 24365 (base 12) to base 10.
48893
What is -21c6d6 (base 15) in base 5?
-403031201
-3434032 (base 7) to base 14
-b2389
-111000101010110011 (base 2) to base 12
-b23ab
Convert 40243332 (base 6) to base 13.
30c5cc
Convert 11100330133 (base 4) to base 10.
1380127
What is 26725 (base 13) in base 2?
10001011101011110
12210102011121 (base 3) to base 16
2efa23
102252323 (base 6) to base 11
1016aa7
Convert -21000122222002 (base 3) to base 15.
-4db1de
What is -22201030 (base 5) in base 13?
-6a338
Convert -30d24 (base 15) to base 9.
-255347
-3878183 (base 9) to base 14
-3d214a
-61289 (base 14) to base 8
-710431
7939448 (base 10) to base 13
184c9ca
Convert 11002230 (base 4) to base 13.
9528
Convert -304376 (base 10) to base 5.
-34220001
Convert 222111122 (base 3) to base 16.
4b7a
-239928 (base 14) to base 7
-13230151
What is -166270 (base 9) in base 6?
-2112530
-21120132233 (base 4) to base 8
-11303657
Convert -100200203 (base 4) to base 5.
-4130434
What is 204a84 (base 12) in base 15?
9ee61
-1000000000100011100101 (base 2) to base 11
-1204372
Convert 4515125 (base 8) to base 10.
1219157
53373 (base 13) to base 4
210213231
What is -419572 (base 11) in base 14?
-136a0c
Convert -113531 (base 12) to base 3.
-111222221001
Convert -10500405 (base 7) to base 11.
-570034
Convert 7e98 (base 15) to base 7.
141323
42154140 (base 7) to base 11
201152a
What is 10101110010010011011100 (base 2) in base 5?
2430223233
Convert -13559 (base 11) to base 10.
-19303
What is -5101655 (base 7) in base 2?
-10010011111000100001
1030045 (base 6) to base 13
1a033
-596285 (base 11) to base 4
-3212303001
234010021 (base 5) to base 6
35042133
Convert -375111 (base 8) to base 12.
-63009
What is -2a863 (base 14) in base 13?
-392a3
Convert 3341060 (base 7) to base 10.
413357
Convert -2044404 (base 7) to base 2.
-111100001011001010
What is -1502547 (base 11) in base 6?
-131145022
Convert 120242414 (base 5) to base 15.
aeb09
Convert 70025134 (base 8) to base 9.
30571121
Convert -442801 (base 12) to base 13.
-2bbb77
Convert -1000101000110101101 (base 2) to base 4.
-1011012231
-36556 (base 14) to base 16
-206a0
-22221032 (base 4) to base 13
-16ac9
Convert 14313034 (base 6) to base 7.
4115656
What is 69961 (base 12) in base 16?
22819
What is -2245421 (base 6) in base 2?
-11100001001010101
What is bd12b (base 14) in base 6?
13454335
Convert -1412433303 (base 5) to base 15.
-4bd703
Convert 12321064 (base 8) to base 16.
29a234
Convert 61959 (base 10) to base 15.
13559
1de61 (base 15) to base 4
113313031
What is -1111101010011111011101 (base 2) in base 12?
-1460339
What is -24233033 (base 5) in base 14?
-5cb76
What is -6404413 (base 8) in base 16?
-1a090b
-36413045 (base 7) to base 16
-318c6e
What is 1240321014 (base 5) in base 13?
830968
-388058 (base 11) to base 10
-610992
-20033313 (base 5) to base 8
-465567
6275844 (base 9) to base 4
30303211030
76879 (base 13) to base 14
5829b
Convert 20122443 (base 5) to base 4.
213103212
-22353145 (base 9) to base 6
-1024210105
What is 1103023102 (base 4) in base 9?
568304
Convert 3322053 (base 6) to base 4.
220213101
What is -210012002110 (base 3) in base 6?
-12534450
What is 15193 (base 13) in base 7?
224065
-10500464 (base 8) to base 3
-11020212220212
-2714459 (base 10) to base 15
-38943e
What is -25800 (base 13) in base 14?
-1b455
-12002330 (base 4) to base 16
-60bc
Convert 1527114 (base 8) to base 4.
1222321030
726805 (base 9) to base 8
1512604
Convert 2879 (base 16) to base 8.
24171
Convert 1b933c (base 14) to base 16.
f0a8a
-2240a (base 14) to base 8
-242252
What is 2030531 (base 6) in base 3?
11221121101
112202112111 (base 3) to base 13
a2319
2324204 (base 6) to base 15
25917
-20451350 (base 7) to base 13
-486002
69784 (base 14) to base 15
510c0
938bd (base 14) to base 8
1266577
994105 (base 10) to base 9
1774581
What is 111110100001001000010 (base 2) in base 15?
2a6ebd
Convert 411bb3 (base 14) to base 13.
5baca5
What is -15b4397 (base 12) in base 15?
-5d3284
-2001303111 (base 4) to base 12
-217819
-11101110100100000101 (base 2) to base 15
-1447dc
-202885 (base 12) to base 14
-d111b
-7583850 (base 9) to base 15
-556200
Convert -351381 (base 9) to base 14.
-56c73
Convert 20033332012 (base 4) to base 8.
10177606
Convert 10123023322 (base 4) to base 10.
1159930
Convert 2847 (base 12) to base 4.
1020313
What is -2c4a93 (base 14) in base 7?
-16113043
Convert -576dc8 (base 16) to base 10.
-5729736
-1c5b77 (base 13) to base 8
-2613667
What is 42340401 (base 5) in base 15?
70601
What is 100303212 (base 4) in base 12?
33a06
What is -1021660 (base 8) in base 9?
-453112
What is 583b3 (base 12) in base 7?
1001142
-101101000000100100 (base 2) to base 6
-3541300
Convert 5012e (base 16) to base 9.
548814
Convert 2234254 (base 6) to base 13.
3c9bb
-1302002 (base 4) to base 8
-16202
Convert -121023102 (base 4) to base 2.
-11001001011010010
What is 11114425 (base 6) in base 13?
ba332
What is -30380 (base 12) in base 3?
-10012001120
-1651086 (base 10) to base 11
-a28538
Convert -31152520 (base 6) to base 4.
-3130003200
What is 1110100111000111 (base 2) in base 8?
164707
Convert -44542442 (base 6) to base 8.
-5116572
What is -366736 (base 8) in base 13?
-45715
What is -1